{"id":261,"date":"2017-12-04T15:38:35","date_gmt":"2017-12-04T14:38:35","guid":{"rendered":"https:\/\/hairmate.pl\/akademia\/?page_id=261"},"modified":"2017-12-18T20:58:10","modified_gmt":"2017-12-18T19:58:10","slug":"szkolenia-dofinansowane-dla-pracodawcow-i-pracownikow","status":"publish","type":"page","link":"https:\/\/hairmate.pl\/akademia\/szkolenia-dofinansowane-dla-pracodawcow-i-pracownikow\/","title":{"rendered":"Szkolenia dofinansowane dla pracodawc\u00f3w i pracownik\u00f3w"},"content":{"rendered":"<p>HAIRMATE SCHOOL oferuje pomoc w uzyskaniu, a\u017c do 80% koszt\u00f3w szkolenia.<\/p>\n<p>Dla kogo?<\/p>\n<p>O dofinansowanie mo\u017ce ubiega\u0107 si\u0119 ka\u017cda osoba b\u0119d\u0105ca pracownikiem lub pracodawc\u0105 w mikro-, ma\u0142ym lub \u015brednim przedsi\u0119biorstwie, kt\u00f3ra uda si\u0119 do w\u0142a\u015bciwego sobie ze wzgl\u0119du na miejsce zamieszkania, operatora programu zajmuj\u0105cego si\u0119 przyznawaniem dofinansowa\u0144, gdzie wyst\u0105pi z wnioskiem o uzyskanie \u015brodk\u00f3w na wzi\u0119cie udzia\u0142u w szkoleniu.<br \/>\nKwota dotowania jest przyznawana w ca\u0142o\u015bci dla danego przedsi\u0119biorstwa, a wi\u0119c to ile os\u00f3b z niej skorzysta jest zale\u017cne od ceny szkolenia. Maksymalna kwota mo\u017ce by\u0107 odg\u00f3rnie ustalona przez dany region.<\/p>\n<p>Pomoc w uzyskaniu dofinansowania<br \/>\nHairmate School pomaga zainteresowanym w wype\u0142nieniu dokument\u00f3w i uzyskaniu dofinansowania na szkolenie dla pracodawc\u00f3w i pracownik\u00f3w.<\/p>\n","protected":false},"excerpt":{"rendered":"<p>HAIRMATE SCHOOL oferuje pomoc w uzyskaniu, a\u017c do 80% koszt\u00f3w szkolenia. Dla kogo? O dofinansowanie mo\u017ce ubiega\u0107 si\u0119 ka\u017cda osoba b\u0119d\u0105ca pracownikiem lub pracodawc\u0105 w mikro-, ma\u0142ym lub \u015brednim przedsi\u0119biorstwie, kt\u00f3ra uda si\u0119 do w\u0142a\u015bciwego sobie ze wzgl\u0119du na miejsce zamieszkania, operatora programu zajmuj\u0105cego si\u0119 przyznawaniem dofinansowa\u0144, gdzie wyst\u0105pi z wnioskiem o uzyskanie \u015brodk\u00f3w na<a class=\"excerpt-read-more\" href=\"https:\/\/hairmate.pl\/akademia\/szkolenia-dofinansowane-dla-pracodawcow-i-pracownikow\/\" title=\"ReadSzkolenia dofinansowane dla pracodawc\u00f3w i pracownik\u00f3w\">&#8230; Read more &raquo;<\/a><\/p>\n","protected":false},"author":1,"featured_media":0,"parent":0,"menu_order":0,"comment_status":"closed","ping_status":"closed","template":"template-headline-form-three.php","meta":[],"_links":{"self":[{"href":"https:\/\/hairmate.pl\/akademia\/wp-json\/wp\/v2\/pages\/261"}],"collection":[{"href":"https:\/\/hairmate.pl\/akademia\/wp-json\/wp\/v2\/pages"}],"about":[{"href":"https:\/\/hairmate.pl\/akademia\/wp-json\/wp\/v2\/types\/page"}],"author":[{"embeddable":true,"href":"https:\/\/hairmate.pl\/akademia\/wp-json\/wp\/v2\/users\/1"}],"replies":[{"embeddable":true,"href":"https:\/\/hairmate.pl\/akademia\/wp-json\/wp\/v2\/comments?post=261"}],"version-history":[{"count":0,"href":"https:\/\/hairmate.pl\/akademia\/wp-json\/wp\/v2\/pages\/261\/revisions"}],"wp:attachment":[{"href":"https:\/\/hairmate.pl\/akademia\/wp-json\/wp\/v2\/media?parent=261"}],"curies":[{"name":"wp","href":"https:\/\/api.w.org\/{rel}","templated":true}]}}