{"id":353,"date":"2018-01-30T19:10:34","date_gmt":"2018-01-30T18:10:34","guid":{"rendered":"https:\/\/hairmate.pl\/akademia\/?page_id=353"},"modified":"2021-12-10T12:19:10","modified_gmt":"2021-12-10T11:19:10","slug":"jak-zostac-fryzjerem","status":"publish","type":"page","link":"https:\/\/hairmate.pl\/akademia\/jak-zostac-fryzjerem\/","title":{"rendered":"Jak zostac fryzjerem &#8211; nauka fryzjerstwa"},"content":{"rendered":"<p class=\"p1\"><img loading=\"lazy\" class=\"aligncenter wp-image-355 size-medium\" src=\"https:\/\/hairmate.pl\/akademia\/wp-content\/uploads\/2018\/01\/11378841_1591854577747909_1277775134_n-300x300.jpg\" alt=\"\" width=\"300\" height=\"300\" srcset=\"https:\/\/hairmate.pl\/akademia\/wp-content\/uploads\/2018\/01\/11378841_1591854577747909_1277775134_n-300x300.jpg 300w, https:\/\/hairmate.pl\/akademia\/wp-content\/uploads\/2018\/01\/11378841_1591854577747909_1277775134_n-150x150.jpg 150w, https:\/\/hairmate.pl\/akademia\/wp-content\/uploads\/2018\/01\/11378841_1591854577747909_1277775134_n-125x125.jpg 125w, https:\/\/hairmate.pl\/akademia\/wp-content\/uploads\/2018\/01\/11378841_1591854577747909_1277775134_n.jpg 640w\" sizes=\"(max-width: 300px) 100vw, 300px\" title=\"\"><\/p>\n<p class=\"p1\" style=\"text-align: center;\">Fryzjerstwo to zaw\u00f3d, kt\u00f3ry przyci\u0105ga uwag\u0119 coraz wi\u0119kszej liczby os\u00f3b. Nie mo\u017cna si\u0119 jednak dziwi\u0107 temu trendowi, gdy\u017c renoma jak\u0105 obecnie darzy si\u0119 profesjonalnych fryzjer\u00f3w, jest naprawd\u0119 du\u017ca. W zwi\u0105zku z tym, przybywa m\u0142odych ludzi, kt\u00f3rzy chcieliby pod\u0105\u017ca\u0107 t\u0105 \u015bcie\u017ck\u0105 kariery. Co zatem trzeba zrobi\u0107, aby zosta\u0107 dobrym fryzjerem?<\/p>\n<h2 class=\"p1\" style=\"text-align: center;\"><span class=\"s1\" style=\"color: #a38753;\">Jak zdoby\u0107 niezb\u0119dn\u0105 wiedz\u0119?<\/span><\/h2>\n<p class=\"p1\" style=\"text-align: center;\"><span class=\"s1\">Najpopularniejszym i wed\u0142ug niekt\u00f3rych r\u00f3wnie\u017c najlepszym sposobem na zdobycie wiedzy potrzebnej do wykonywania zawodu fryzjera, jest ucz\u0119szczanie do szko\u0142y oferuj\u0105cej edukacj\u0119 pod tym k\u0105tem. Mog\u0105 to by\u0107 zatem licea fryzjerskie, technika, lub te\u017c szko\u0142y policealne, w kt\u00f3rych kszta\u0142ci\u0107 si\u0119 mo\u017cna w systemie stacjonarnym oraz zaocznym. Absolwent tego rodzaju szk\u00f3\u0142 otrzymuje tytu\u0142 technika us\u0142ug fryzjerskich, w zwi\u0105zku z czym mo\u017ce pracowa\u0107 w zawodzie.<\/span><\/p>\n<p class=\"p1\" style=\"text-align: center;\"><span class=\"s1\">W szko\u0142ach przygotowuj\u0105cych m\u0142odych ludzi do zawodu fryzjera prowadzone s\u0105 zaj\u0119cia, na kt\u00f3rych przekazywana jest im wiedza dotycz\u0105ca higieny, technologii fryzjerstwa oraz materia\u0142\u00f3w wykorzystywanych we fryzjerstwie, ale tak\u017ce stylizacji oraz podstaw pedagogiki i psychologii. Oczywi\u015bcie, obowi\u0105zkowe w tym przypadku s\u0105 r\u00f3wnie\u017c praktyki zawodowe, odbywaj\u0105ce si\u0119 w salonach fryzjerskich pod okiem fachowc\u00f3w.<\/span><\/p>\n<p class=\"p1\" style=\"text-align: center;\"><span class=\"s1\">W celu podwy\u017cszenia swoich kwalifikacji, mo\u017cliwe jest podej\u015bcie do dw\u00f3ch egzamin\u00f3w, kt\u00f3re przygotowuje izba rzemie\u015blnicza. Jest to egzamin czeladniczy oraz mistrzowski.<\/span><\/p>\n<h2 class=\"p1\" style=\"text-align: center;\"><span class=\"s1\" style=\"color: #a38753;\">Nie tylko szko\u0142a<\/span><\/h2>\n<p class=\"p1\" style=\"text-align: center;\"><span class=\"s1\">Wiele os\u00f3b zastanawia si\u0119 czy wiedz\u0119 oraz umiej\u0119tno\u015bci niezb\u0119dne do wykonywania tego zawodu mo\u017cna zdoby\u0107 wy\u0142\u0105cznie w szkole? Odpowied\u017a brzmi: nie. Je\u015bli posiadamy w sobie pasj\u0119 do fryzjerstwa oraz ch\u0119ci do tego aby si\u0119 uczy\u0107, rozwi\u0105zaniem mo\u017ce by\u0107 r\u00f3wnie\u017c profesjonalne szkolenie fryzjerskie. <\/span><\/p>\n<p class=\"p1\" style=\"text-align: center;\"><span class=\"s1\">Rzecz jasna, musimy jednak stawia\u0107 wy\u0142\u0105cznie na kursy prowadzone na najwy\u017cszym poziomie, przez osoby z doskona\u0142\u0105 wiedz\u0105 teoretyczn\u0105 i praktyczn\u0105, odpowiednio du\u017cym do\u015bwiadczeniem oraz podej\u015bciem do szkolonych os\u00f3b. Tylko wtedy, mo\u017cemy mie\u0107 pewno\u015b\u0107, \u017ce zdob\u0119dziemy wszystkie wymagane w tym zawodzie umiej\u0119tno\u015bci, do kt\u00f3rych zalicza si\u0119 r\u00f3wnie\u017c dobra wsp\u00f3\u0142praca z klientem oraz zarz\u0105dzanie biznesem.<\/span><\/p>\n<h2 class=\"p1\" style=\"text-align: center;\"><span class=\"s1\" style=\"color: #a38753;\">Dobry fryzjer nigdy nie przestaje si\u0119 uczy\u0107!<\/span><\/h2>\n<p class=\"p1\" style=\"text-align: center;\"><span class=\"s1\">Warto tak\u017ce pami\u0119ta\u0107, \u017ce je\u015bli fryzjer chce utrzyma\u0107 dobry poziom oferowanych przez siebie us\u0142ug, musi si\u0119 ci\u0105gle doszkala\u0107. Tym bardziej, \u017ce obecnie <a href=\"https:\/\/hairmate.pl\/akademia\/kursy-fryzjerskie\/\">kursy i szkolenia fryzjerskie<\/a> organizowane s\u0105 przez ca\u0142y czas. Bez problemu mo\u017cna zatem znale\u017a\u0107 ofert\u0119 udzia\u0142u w profesjonalnym spotkaniu tego typu, oferuj\u0105cym poszerzenie wiedzy fachowc\u00f3w pod okre\u015blonym k\u0105tem.<\/span><\/p>\n<p class=\"p1\" style=\"text-align: center;\"><span class=\"s1\">Zdecydowanie warto zatem zdecydowa\u0107 si\u0119 na udzia\u0142 w kursie, kt\u00f3ry mo\u017ce wprowadzi\u0107 nas w najnowsze trendy fryzjerskie oraz udoskonali stosowane przez nas techniki, w ka\u017cdym aspekcie zwi\u0105zanym z zawodem fryzjera. Sztab do\u015bwiadczonych specjalist\u00f3w, kt\u00f3rzy maj\u0105 \u015bwiadomo\u015b\u0107 tego jak wygl\u0105da praca w tym zawodzie ?od \u015brodka?, jest w stanie przybli\u017cy\u0107 fryzjera do doskona\u0142o\u015bci i wp\u0142yn\u0105\u0107 na popraw\u0119 jako\u015bci \u015bwiadczonych przez niego us\u0142ug.&nbsp;<\/span><\/p>\n<h2 style=\"text-align: center;\"><span style=\"color: #a38753;\">Jak zosta\u0107 fryzjerem &#8211; nauka fryzjerstwa<\/span><\/h2>\n<p>M\u0142odzi ludzie szukaj\u0105cy swojej \u015bcie\u017cki kariery cz\u0119sto zastanawiaj\u0105 si\u0119 nad tym,<strong> jak zosta\u0107 fryzjerem m\u0119skim<\/strong> lub damskim. W tym przypadku zwykle najlepszym rozwi\u0105zaniem wydaje si\u0119 nauka zawodu w szkole, takiej jak technikum i liceum fryzjerskie lub szko\u0142a policealna. Warto jednak pami\u0119ta\u0107, \u017ce <strong>nauka fryzjerstwa<\/strong> nie jest zarezerwowana wy\u0142\u0105cznie dla szk\u00f3\u0142. Profesjonalne szkolenia prowadzone przez do\u015bwiadczonych ludzi z bran\u017cy r\u00f3wnie\u017c mog\u0105 by\u0107 doskona\u0142ym sposobem na uzyskanie niezb\u0119dnej wiedzy i umiej\u0119tno\u015bci.<\/p>\n<h2 style=\"text-align: center;\"><span style=\"color: #a38753;\">Hairmate ? nauka fryzjerstwa Warszawa<\/span><\/h2>\n<p><strong>Jak zosta\u0107 fryzjerem bez szko\u0142y<\/strong>? Odpowiedzi\u0105 na to pytania mog\u0105 by\u0107 kursy fryzjerskie organizowane przez <a href=\"https:\/\/hairmate.pl\/akademia\">zesp\u00f3\u0142 Hairmate<\/a>. Dzi\u0119ki naszemu do\u015bwiadczeniu oraz pasji, kt\u00f3r\u0105 darzymy ten zaw\u00f3d, mo\u017cemy przekazywa\u0107 uczestnikom naszych szkole\u0144 praktyczn\u0105 wiedz\u0119 na temat sztuki fryzjerskiej. Je\u015bli wi\u0119c chcesz spr\u00f3bowa\u0107 swoich si\u0142 i spe\u0142ni\u0107 swoje marzenia, ale nie wiesz, <strong>jak zosta\u0107 dobrym fryzjerem<\/strong>, nauka z Hairmate b\u0119dzie doskona\u0142ym wyborem.<\/p>\n<p class=\"p1\"><img loading=\"lazy\" class=\"aligncenter wp-image-295 size-full\" src=\"https:\/\/hairmate.pl\/akademia\/wp-content\/uploads\/2018\/01\/unnamed.jpg\" alt=\"Pracowania Fryzjerska\" width=\"1600\" height=\"500\" srcset=\"https:\/\/hairmate.pl\/akademia\/wp-content\/uploads\/2018\/01\/unnamed.jpg 1600w, https:\/\/hairmate.pl\/akademia\/wp-content\/uploads\/2018\/01\/unnamed-300x94.jpg 300w, https:\/\/hairmate.pl\/akademia\/wp-content\/uploads\/2018\/01\/unnamed-768x240.jpg 768w, https:\/\/hairmate.pl\/akademia\/wp-content\/uploads\/2018\/01\/unnamed-1024x320.jpg 1024w\" sizes=\"(max-width: 1600px) 100vw, 1600px\" title=\"\"><\/p>\n","protected":false},"excerpt":{"rendered":"<p>Fryzjerstwo to zaw\u00f3d, kt\u00f3ry przyci\u0105ga uwag\u0119 coraz wi\u0119kszej liczby os\u00f3b. Nie mo\u017cna si\u0119 jednak dziwi\u0107 temu trendowi, gdy\u017c renoma jak\u0105 obecnie darzy si\u0119 profesjonalnych fryzjer\u00f3w, jest naprawd\u0119 du\u017ca. W zwi\u0105zku z tym, przybywa m\u0142odych ludzi, kt\u00f3rzy chcieliby pod\u0105\u017ca\u0107 t\u0105 \u015bcie\u017ck\u0105 kariery. Co zatem trzeba zrobi\u0107, aby zosta\u0107 dobrym fryzjerem? Jak zdoby\u0107 niezb\u0119dn\u0105 wiedz\u0119? Najpopularniejszym i<a class=\"excerpt-read-more\" href=\"https:\/\/hairmate.pl\/akademia\/jak-zostac-fryzjerem\/\" title=\"ReadJak zostac fryzjerem &#8211; nauka fryzjerstwa\">&#8230; Read more &raquo;<\/a><\/p>\n","protected":false},"author":1,"featured_media":0,"parent":0,"menu_order":0,"comment_status":"closed","ping_status":"closed","template":"template-full-width.php","meta":[],"_links":{"self":[{"href":"https:\/\/hairmate.pl\/akademia\/wp-json\/wp\/v2\/pages\/353"}],"collection":[{"href":"https:\/\/hairmate.pl\/akademia\/wp-json\/wp\/v2\/pages"}],"about":[{"href":"https:\/\/hairmate.pl\/akademia\/wp-json\/wp\/v2\/types\/page"}],"author":[{"embeddable":true,"href":"https:\/\/hairmate.pl\/akademia\/wp-json\/wp\/v2\/users\/1"}],"replies":[{"embeddable":true,"href":"https:\/\/hairmate.pl\/akademia\/wp-json\/wp\/v2\/comments?post=353"}],"version-history":[{"count":6,"href":"https:\/\/hairmate.pl\/akademia\/wp-json\/wp\/v2\/pages\/353\/revisions"}],"predecessor-version":[{"id":594,"href":"https:\/\/hairmate.pl\/akademia\/wp-json\/wp\/v2\/pages\/353\/revisions\/594"}],"wp:attachment":[{"href":"https:\/\/hairmate.pl\/akademia\/wp-json\/wp\/v2\/media?parent=353"}],"curies":[{"name":"wp","href":"https:\/\/api.w.org\/{rel}","templated":true}]}}