{"id":435,"date":"2019-02-21T12:19:21","date_gmt":"2019-02-21T11:19:21","guid":{"rendered":"https:\/\/hairmate.pl\/akademia\/?page_id=435"},"modified":"2019-02-21T12:20:43","modified_gmt":"2019-02-21T11:20:43","slug":"polityka-jakosci","status":"publish","type":"page","link":"https:\/\/hairmate.pl\/akademia\/polityka-jakosci\/","title":{"rendered":"Polityka Jakosci"},"content":{"rendered":"<p class=\"p1\">\n<p class=\"p2\">Hairmate School tworzy zesp\u00f3\u0142 do\u015bwiadczonych i pe\u0142nych pasji mistrz\u00f3w fryzjerstwa. Nasz\u0105<\/p>\n<p class=\"p2\">ide\u0105 jest rozpowszechnianie posiadanej przez nas wiedzy oraz promowanie najnowszych<\/p>\n<p class=\"p2\">trend\u00f3w w fryzjerstwie w\u015br\u00f3d os\u00f3b, kt\u00f3re:<\/p>\n<p class=\"p2\">&#8211; pragn\u0105 rozwija\u0107 swoje umiej\u0119tno\u015bci w bran\u017cy fryzjerskiej i stylizacji fryzur<\/p>\n<p class=\"p2\">&#8211; chc\u0105 zmieni\u0107 swoj\u0105 \u015bcie\u017ck\u0119 kariery zawodowej i realizowa\u0107 swoje pasje.<\/p>\n<p class=\"p2\">Szkolenia oferowane przez nas odbywaj\u0105 si\u0119 w wyposa\u017conych w nowoczesny sprz\u0119t<\/p>\n<p class=\"p2\">pracowniach fryzjerskich z zastosowaniem najwy\u017cszej jako\u015bci preparat\u00f3w do stylizacji<\/p>\n<p class=\"p2\">i piel\u0119gnacji w\u0142os\u00f3w.<\/p>\n<p class=\"p2\">Zale\u017cy nam na budowaniu sta\u0142ych relacji z uczestnikami naszych szkole\u0144, poprzez<\/p>\n<p class=\"p2\">zach\u0119cania ich do kreatywnych dzia\u0142a\u0144 w trakcje trwania szkolenia i indywidualne podej\u015bcie<\/p>\n<p class=\"p2\">do ka\u017cdego z nich.<\/p>\n<p class=\"p2\">Naszym strategicznym celem jest umocnienie pozycji lidera na rynku us\u0142ug szkoleniowych.<\/p>\n<p class=\"p2\">Gwarancj\u0105 osi\u0105gni\u0119cia wyznaczonego celu jest :<\/p>\n<p class=\"p2\">&#8211; Utrzymanie i doskonalenie systemu jako\u015bci zgodnego z wymaganiami normy ISO<\/p>\n<p class=\"p2\">9001:2015.<\/p>\n<p class=\"p2\">&#8211; Pe\u0142ne zaanga\u017cowanie W\u0142a\u015bciciela firmy oraz pracownik\u00f3w dla wsp\u00f3lnej realizacji<\/p>\n<p class=\"p2\">polityki i oraz cel\u00f3w jako\u015bci.<\/p>\n<p class=\"p2\">&#8211; Zatrudnienie wykszta\u0142conej i do\u015bwiadczonej kadry trenerskiej, kt\u00f3ra systematycznie<\/p>\n<p class=\"p2\">podnosi swoje kwalifikacje.<\/p>\n<p class=\"p2\">&#8211; Dbanie o infrastruktur\u0119 wykorzystywan\u0105 podczas realizacji szkole\u0144.<\/p>\n<p class=\"p2\">&#8211; Tworzenie odpowiedniej atmosfery podczas realizacji szkole\u0144.<\/p>\n<p class=\"p2\">\n","protected":false},"excerpt":{"rendered":"<p>Hairmate School tworzy zesp\u00f3\u0142 do\u015bwiadczonych i pe\u0142nych pasji mistrz\u00f3w fryzjerstwa. Nasz\u0105 ide\u0105 jest rozpowszechnianie posiadanej przez nas wiedzy oraz promowanie najnowszych trend\u00f3w w fryzjerstwie w\u015br\u00f3d os\u00f3b, kt\u00f3re: &#8211; pragn\u0105 rozwija\u0107 swoje umiej\u0119tno\u015bci w bran\u017cy fryzjerskiej i stylizacji fryzur &#8211; chc\u0105 zmieni\u0107 swoj\u0105 \u015bcie\u017ck\u0119 kariery zawodowej i realizowa\u0107 swoje pasje. Szkolenia oferowane przez nas odbywaj\u0105 si\u0119<a class=\"excerpt-read-more\" href=\"https:\/\/hairmate.pl\/akademia\/polityka-jakosci\/\" title=\"ReadPolityka Jakosci\">&#8230; Read more &raquo;<\/a><\/p>\n","protected":false},"author":1,"featured_media":0,"parent":0,"menu_order":0,"comment_status":"closed","ping_status":"closed","template":"","meta":[],"_links":{"self":[{"href":"https:\/\/hairmate.pl\/akademia\/wp-json\/wp\/v2\/pages\/435"}],"collection":[{"href":"https:\/\/hairmate.pl\/akademia\/wp-json\/wp\/v2\/pages"}],"about":[{"href":"https:\/\/hairmate.pl\/akademia\/wp-json\/wp\/v2\/types\/page"}],"author":[{"embeddable":true,"href":"https:\/\/hairmate.pl\/akademia\/wp-json\/wp\/v2\/users\/1"}],"replies":[{"embeddable":true,"href":"https:\/\/hairmate.pl\/akademia\/wp-json\/wp\/v2\/comments?post=435"}],"version-history":[{"count":0,"href":"https:\/\/hairmate.pl\/akademia\/wp-json\/wp\/v2\/pages\/435\/revisions"}],"wp:attachment":[{"href":"https:\/\/hairmate.pl\/akademia\/wp-json\/wp\/v2\/media?parent=435"}],"curies":[{"name":"wp","href":"https:\/\/api.w.org\/{rel}","templated":true}]}}